of w**4/12 + 4*w**3/3 + 7*w**2/2 - w. Let h(s) = -2*s + 2. Let i be h(0). Suppose i*n + 24 = -2*n. What is u(n)?
-5
Let v(s) be the third derivative of -44*s**2 + 0 + 0*s + 1/24*s**4 + 5/6*s**3 - 1/60*s**5. Let n(q) = -2*q - 4. Let r be n(-4). Determine v(r).
-7
Let h(r) be the second derivative of 0*r**3 + 0 + 1/2*r**2 + 11*r + 1/4*r**4. Determine h(-1).
4
Let v(x) = 2*x**2 + 46 - 8*x + 12 - 31 - x**2 - 13*x. Calculate v(19).
-11
Let r(n) be the second derivative of n**3/6 + 3*n**2/2 + 38*n - 2. What is r(-5)?
-2
Let i(c) = -14*c**2 - c**2 + 1 - 11*c**2 + 0*c**2. Give i(-1).
-25
Let l(h) = h**2 + 6*h - 12. Let o be -6 - (-4)/(-1)*(-13)/(-52). Calculate l(o).
-5
Let v(f) = -5*f**3 + 7*f**2 - f - 1. Let x(a) = -6*a**3 + 8*a**2 - a - 2. Let u(y) = -5*v(y) + 4*x(y). Suppose 0 = -s - 2, 24 = 4*r - 4*s + 4. Give u(r).
0
Let k(o) = 18*o + 3. Let j = 24 - 26. Give k(j).
-33
Let f(y) = -y**3 + 4*y**2 + 8*y + 0*y**3 + 0*y**2 + 3*y**2 - 2. Let c be (1/1)/(-3 + 2). Let l(q) = -q**3 - 1. Let r(n) = c*f(n) + 2*l(n). Determine r(-6).
12
Let h(o) be the first derivative of 7*o**2/2 + 12. Let s(q) = q**3 - 6*q**2 - q + 8. Let y be s(6). Suppose -5*a - 11 = y*d - 38, a = -4*d + 9. Give h(d).
7
Let u(d) = -d + 14 + 0*d**2 - d**2 - 4 - d**3. Let w = 1367 + -1367. Give u(w).
10
Let h(j) = j**2 + 5*j + 7. Suppose 3*l = 2*q + 4, 0*q = 3*l - 3*q - 9. Let u = -6 - l. Let s be 5/(10/u) + -3. What is h(s)?
7
Let d be (-7)/28 + 78/(-8). Let s be 43 + d + -2*1. Let m(k) = -5 - 31*k + s*k - k**2. Determine m(0).
-5
Let m(k) = 2 + k**2 + 4*k - 9 + 4 + 0. Let l(z) = z**2 - 7*z - 5. Let p be l(7). What is m(p)?
2
Let y(q) be the third derivative of -q**6/120 + q**5/10 - q**4/24 + 5*q**3/6 + 18*q**2 - 1. Give y(4).
33
Let h = 26 + -18. Let c(f) = -f**2 + 9*f + 14. Calculate c(h).
22
Suppose -56 = 7*t - 0*t. Let k(a) = 3*a + 19. Determine k(t).
-5
Let r = -9 - -13. Suppose -r*p - 8 = 0, 2*t - 8 = 5*p + 8. Let y(z) = 0 - 3*z + 2*z - 1 + t. Determine y(-5).
7
Let k be 2 + (1 - -1 - 8). Let y(b) be the third derivative of 15*b**2 + 0*b + 1/6*b**3 + 0 + 1/24*b**4. What is y(k)?
-3
Let v(r) = 1 + 15*r - 82*r**2 + 81*r**2 - 18*r. Give v(-6).
-17
Suppose 0 = -8*p + 44 - 60. Let q(g) = -5*g**3 - 2*g**2 - 2. Determine q(p).
30
Let i(p) = -p + 3. Let q(k) = -3*k + 7. Let l(f) = 5*i(f) - 2*q(f). Determine l(-12).
-11
Let p = 1 + 23. Let g = 155 - 132. Let w(r) = 2*r**2 + 0*r - g - 2*r + p. What is w(2)?
5
Let b(l) = 12*l**3 + 3*l**2 - 20*l + 8. Let v(y) = 7*y**3 + y**2 - 11*y + 3. Let z(i) = 3*b(i) - 5*v(i). Determine z(-5).
9
Suppose 5*v = -4*z - z + 30, 2*v = 2*z + 24. Let b = v - -6. Suppose w + b = -2*w. Let p(h) = -h**2 - 6*h - 3. Give p(w).
2
Let i(d) = d - 7. Let a(k) = -k**2 - 12*k + 19. Let h be a(-13). Give i(h).
-1
Let t(f) = f**3 - 2*f**2 + f - 1. Let s(k) = 3*k - 15. Let h(a) = -a**2 + 5*a - 6. Let d be h(5). Let q be (-34)/d + 1/3. Let i be s(q). What is t(i)?
11
Suppose -5 = -5*b, 0 = a - 4*b - 6 - 19. Suppose 3 = -4*v - 1, -5*h + 4*v + a = 0. Let q(g) = g**2 - 7*g - 2. Give q(h).
-12
Let m = 11 + 6. Suppose -4*r + m = 1, -5*k + 4*r = 21. Let f(c) be the second derivative of c**3/3 + c**2/2 + 2*c. Give f(k).
-1
Let y(i) be the second derivative of -i**3/6 + 4*i**2 - 18*i. Let a(g) = 2*g - 23. Let k(u) = -4*a(u) - 11*y(u). What is k(-5)?
-11
Let b(c) = -c**3 + 4*c**2 + 5*c - 4. Let w be b(5). Let m(a) = -53*a + 20. Let g(r) = -29*r + 11. Let z(n) = -11*g(n) + 6*m(n). Calculate z(w).
-5
Let c(r) = r**2 - 19*r + 38. Let u be c(17). Suppose 10 - u = -j. Let y(k) = -k**3 - 6*k**2 + k + 2. Give y(j).
-4
Let l be (-102)/153 - 3/9. Let p(u) = -u**3. Calculate p(l).
1
Let t(z) = z**2 + 6*z - 4. Let r be (9/(-2))/(15/(-20)). Suppose r = 2*c, -3*c - 1 = 5*k + 5. What is t(k)?
-13
Let m(a) = a**3 - 5*a**2 - 8*a + 15. Let b = -10 + 16. Let h be m(b). Suppose 4*d = 20, -h*d = -w - 3 - 8. Let g(s) = -s**3 + 3*s**2 + s. What is g(w)?
-12
Suppose 44 = -4*a + 4*d, 3*d + 19 = 2*a + 46. Let m(t) = -t**2 - 7*t - 4. What is m(a)?
2
Let q(t) be the first derivative of -1/3*t**3 + 1/4*t**4 - 1/2*t**2 + 0*t + 3. Give q(-2).
-10
Suppose -6 + 2 = -2*r. Suppose -r + 0 = j. Let q(p) = 5*p**2 + 6*p + 5. Let g(f) = 4*f**2 + 5*f + 4. Let n(b) = -3*g(b) + 2*q(b). Calculate n(j).
-4
Let f(k) be the second derivative of k**3/3 + k**2 - k. Suppose -18 = 4*u + 2*h, -25*h + 42 = -5*u - 21*h. Calculate f(u).
-10
Let m(o) = 12*o**3 - 4*o**2 - 2*o - 3. Let g(r) = -r**3 + r**2 + r + 1. Let n(v) = 3*g(v) + m(v). Suppose 4 = -0*c + 2*c. Suppose -c*y + 4*y = 2. Give n(y).
9
Let v = 392 - 396. Let t(w) = -2*w**2 - 7*w + 8. What is t(v)?
4
Let o(x) = x + 10. Let y(m) = m + 9. Let i(v) = -4*o(v) + 5*y(v). Let n = 56 - 52. Let j be 20/(-5) + n/2*-2. Determine i(j).
-3
Let v(d) = -d**2 + 9*d + 14. Suppose 4*r - 21*z = -19*z + 52, 4*z = -8. What is v(r)?
-22
Let l(b) be the third derivative of 0*b + 1/24*b**4 + 1/6*b**3 + 0 - 11*b**2. What is l(-5)?
-4
Let g(f) = -3*f + 5. Let v(x) = -11*x + 24. Let m(t) = -9*g(t) + 2*v(t). Give m(2).
13
Let u(v) = -v**2 + 2*v - 1. Let c = -123 - -141. Let g = c - 15. Give u(g).
-4
Let m(p) be the third derivative of -p**5/60 - p**4/8 - p**3/6 + 1352*p**2. Let y(u) = -u**2 - u + 3. Let j be y(5). Let h be (-1)/(-4) + j/12. Calculate m(h).
1
Let x = 79 - 70. Suppose 5*y = 2*c - 12 - x, c = -y. Let f(t) = -t - 3. Determine f(c).
-6
Let j(z) = z**3 - 6*z**2 - 7*z - 8. Let r be j(7). Let x(p) = 31*p + 17. Let i(d) = -20*d - 11. Let h(c) = r*i(c) - 5*x(c). Let f = -1 - 1. What is h(f)?
-7
Let t(d) = d**2 - 10*d + 3. Let b = -5 - -12. Let f = b - -2. Let k be t(f). Let x(y) = -y**2 - 5*y + 1. Determine x(k).
-5
Let b(x) be the third derivative of 1/6*x**4 + 1/6*x**3 - 3*x**2 + 0 + 0*x. Suppose 10 = s + 4*y, 5 = -3*s + 2*y - 7. Determine b(s).
-7
Suppose -3*r - 2*g = 19, -10*r - 23 = -9*r + 4*g. Let k(m) = m**2 + 2*m + 4. Give k(r).
7
Let s(j) = -j**2 + j + 1. Suppose u = -u + 4*t + 26, 0 = -3*u + 2*t + 27. Suppose -20*p - 9 = -23*p. Suppose -2*y + 5*a = -9, -p*a - u = 2. Give s(y).
-11
Let r(j) = j**3 + 8*j**2 + 2*j - 6. Let i be r(-8). Let d be (-33)/i + (-1)/2. Let n be d/(-2) + (-11)/(-2). Let b(v) = v - 6. Give b(n).
-1
Let a(p) = -7*p + 3. Let h(z) = 1. Let i(c) = a(c) - 2*h(c). Determine i(2).
-13
Suppose -19 = -3*u + 4*w, -2*u - 9*w = -7*w - 8. Let n(p) = 2*p - 1. Determine n(u).
9
Let r = 259 - 250. Let f(w) = w**3 - 9*w**2 - 2*w + 1. What is f(r)?
-17
Let s(u) be the first derivative of u**6/10 + u**5/60 - u**3/6 - 7*u**2/2 + 13. Let l(b) be the second derivative of s(b). Suppose -3*v = 3 - 6. Determine l(v).
12
Let y(s) = -s**3 - 5*s**2 - 8*s - 10. Let p be y(-4). Let b(d) = -180 - 2*d + 184 + 4*d**3 + 6*d**2 + 0*d - 5*d**3. Calculate b(p).
-8
Let t(s) = -s**3 + 3*s**2 + s. Let p(q) = -q**2 - 4*q - 12. Let c be p(6). Let k = c + 75. What is t(k)?
3
Let z(w) be the first derivative of 4*w - 5/2*w**2 - 1/3*w**3 - 9. Let a = 58 - 63. Determine z(a).
4
Suppose 6*u - 18 = 3*u. Suppose -3*p + p = -3*b - 9, 2*p = -u. Let j(h) = 96*h**3 - 97*h**3 - 6*h**2 + 7*h - 13*h - 5. What is j(b)?
0
Let o(u) = 6*u - 8. Let g(q) = -4*q - 36. Let i be g(-9). Suppose 7*a = -i*a + 42. Determine o(a).
28
Suppose -2*f + 2*c = -f + 16, -25 = 5*f + c. Suppose -3*a = -2 - 4. Let j(r) = 15*r + 4 - a + 11*r - 24*r. Give j(f).
-10
Let y = 1064 - 1070. Let n(w) = -w**3 - 5*w**2 + 8*w - 1. Determine n(y).
-13
Let y(l) = -631*l + 631. Let n be y(1). Let x(d) = -3*d**2 - d + 11. Let z(p) = 4*p**2 + p - 12. Let t(m) = 5*x(m) + 4*z(m). Give t(n).
7
Let y = 12 + -18. Let w be (-16)/(-6) + (-2)/y. Let t(g) = 0 - w*g - g**2 - g - 3 + 4. Give t(-2).
5
Let u = -3 - -6. Let a(y) = -2*y - 1. Let r(d) = -d - 1. Let o(s) = u*r(s) - 3*a(s). Give o(-4).
-12
Let d(g) = 6 - 7*g**2 - 6 + g. Suppose 6*m = -2 - 4. Calculate d(m).
-8
Let q(m) = -3*m**3 + m**2 + m - 1. Let t(l) be the first derivative of -l**4/4 - 7*l**3 - 10*l**2 + l - 3. Let j be t(-20). Determine q(j).
-2
Let l(t) = -2*t - 15. Let k(o) = o + 7. Let j(y) = 7*k(y) + 3*l(y). Let x be (30/50)/((-6)/(-20)). Suppose 12 = -3*v + 3*d, -x*d = -4*v - 8 - 4. Calculate j(v).
2
Suppose 24*o - 143 = 1. Let y(h) = h**2 - 8*h. Give y(o).
-12
Let y(w) = w**3 + 2*w**2 + 7*w - 7. Let u(g) = -g**2 - g + 1. Let b(k) = -5*u(k) - y(k). Let d(f) = 2 - 5 - f**2 + 2*f + 5*f. Let q be d(6). 